in base 14?
7c22c
Convert -100486 (base 10) to base 12.
-4a19a
What is 8688 (base 9) in base 8?
14376
Convert -46535 (base 10) to base 6.
-555235
Convert 111627 (base 8) to base 14.
daab
What is -1a3b58 (base 13) in base 5?
-132243201
What is 10514480 (base 9) in base 14?
96638b
What is -132022200023 (base 4) in base 9?
-15781742
-103231133033 (base 4) to base 14
-987075
What is 4207761 (base 9) in base 8?
10451563
-31519 (base 11) to base 12
-22673
Convert -29a82 (base 14) to base 2.
-11001010010110010
Convert 1199a6 (base 12) to base 11.
186313
-a01b2 (base 13) to base 2
-1000101110011100100
Convert -990a68 (base 11) to base 8.
-6022660
222121010200 (base 3) to base 15
a51b6
What is 10110111100100011110 (base 2) in base 14?
158034
231425 (base 6) to base 16
4d69
Convert -102220120100 (base 3) to base 2.
-111001001110110111
88027 (base 9) to base 6
1130041
-223a08a (base 11) to base 13
-a74550
What is 560518 (base 12) in base 15?
1c0acb
What is -31032122 (base 5) in base 16?
-3d902
What is 417632 (base 10) in base 2?
1100101111101100000
What is 40a066 (base 16) in base 7?
51000002
101001012010 (base 3) to base 14
52093
What is 11233 (base 12) in base 3?
1011021010
587b2 (base 12) to base 14
3134a
2544176 (base 10) to base 8
11551060
Convert 10100000110001000110 (base 2) to base 9.
1213258
What is 2521355 (base 6) in base 9?
225338
Convert 524b7 (base 13) to base 5.
14214100
Convert -12011202020102 (base 3) to base 4.
-22133203202
Convert 46565c (base 13) to base 4.
12113120012
Convert -2fecbd (base 16) to base 9.
-5816324
Convert 1233819 (base 12) to base 11.
2006915
Convert 32562140 (base 8) to base 11.
3a55197
15b3ed (base 15) to base 7
11633515
3033000221 (base 4) to base 12
34a835
What is 1053424 (base 7) in base 9?
218501
What is -100420510 (base 7) in base 13?
-1294ac5
What is 6052 (base 11) in base 13?
3879
-1314314414 (base 5) to base 15
-44ab09
What is -33555416 (base 7) in base 14?
-5609b6
Convert -60a97 (base 11) to base 4.
-111301022
93a319 (base 12) to base 15
30c389
What is -189a5dc (base 14) in base 5?
-11111101421
-6002761 (base 8) to base 10
-1574385
-5e15 (base 16) to base 10
-24085
What is 1311300312 (base 4) in base 5?
110413413
1225400542 (base 6) to base 15
13ba8e5
What is 9c1c (base 15) in base 2?
1000000101001110
Convert 28702 (base 10) to base 15.
8787
Convert -10100001011010001 (base 2) to base 8.
-241321
What is 1a9cdb (base 15) in base 11?
807984
Convert -16075607 (base 8) to base 16.
-387b87
Convert 11658885 (base 9) to base 13.
124b170
What is -5da58 (base 15) in base 10?
-299333
Convert -b8851 (base 12) to base 8.
-732675
771554 (base 10) to base 8
2742742
Convert 2513562 (base 7) to base 10.
323052
Convert 22655466 (base 7) to base 15.
296b60
What is -202200022020 (base 3) in base 7?
-3313413
Convert 38420 (base 9) to base 8.
62401
What is -532052003 (base 6) in base 9?
-18512433
What is 100101112112100 (base 3) in base 7?
60263151
148701 (base 12) to base 7
2642344
Convert 889744 (base 11) to base 15.
1d040a
What is 6025 (base 7) in base 12?
1251
777476 (base 8) to base 14
6b66a
-22203102323 (base 4) to base 7
-32340113
130100 (base 9) to base 3
11000010000
-214124404 (base 5) to base 6
-31510554
Convert -2c165 (base 15) to base 4.
-202223312
Convert -5203162 (base 7) to base 13.
-18a738
What is -1014440403 (base 5) in base 2?
-1000000010110110110101
-22404301 (base 6) to base 10
-685261
What is 92a13 (base 11) in base 7?
1103332
What is -334440022 (base 5) in base 16?
-16a3f2
Convert 76538 (base 10) to base 13.
28ab7
-114373 (base 8) to base 7
-222115
What is 707363 (base 8) in base 16?
38ef3
Convert -24102222 (base 5) to base 13.
-7a194
41643 (base 15) to base 12
9bb60
Convert -1002120212101110 (base 3) to base 2.
-111011111110111000110011
-1001002011 (base 3) to base 15
-60ea
What is 35798 (base 13) in base 8?
277270
20db05 (base 15) to base 5
400040410
What is -3b9b9 (base 13) in base 7?
-643066
What is -64076 (base 14) in base 8?
-727650
Convert 110100000001010100100010 (base 2) to base 7.
223624502
1010101111011001101 (base 2) to base 7
2664043
What is 25120042 (base 8) in base 13?
11c248a
-21101302 (base 4) to base 9
-57114
Convert -20300031313 (base 4) to base 8.
-10601567
Convert -220231233 (base 4) to base 8.
-505557
What is 2053110 (base 6) in base 12?
4a196
What is -2242330130 (base 5) in base 7?
-60601166
-1072003 (base 10) to base 14
-1dc959
What is -3026 (base 13) in base 14?
-25b1
What is -2328a8 (base 11) in base 7?
-3100025
What is 4adac (base 15) in base 7?
2014530
What is -30413212 (base 5) in base 9?
-417080
33222112 (base 4) to base 10
64150
Convert -100012221100 (base 3) to base 9.
-305840
-1211433 (base 8) to base 4
-1101030123
10402102144 (base 5) to base 3
210101021211102
What is 28878 (base 15) in base 6?
2442335
What is -20121311 (base 4) in base 5?
-2100141
What is -121011222011021 (base 3) in base 2?
-100000110011110100011001
What is -10010011110101011 (base 2) in base 4?
-102132223
Convert -141723 (base 11) to base 8.
-661172
What is -111021002220 (base 3) in base 12?
-1070b0
112110122100000 (base 3) to base 15
a1d356
1100101010110101000 (base 2) to base 4
1211112220
What is -b82b88 (base 13) in base 8?
-20363544
What is -ee05 (base 16) in base 15?
-130c3
Convert -1012221011201 (base 3) to base 7.
-5336551
What is -462a675 (base 11) in base 6?
-445305130
Convert 10011101011101011110111 (base 2) to base 5.
2310102141
2176174 (base 10) to base 11
1256aa0
-11a2e72 (base 15) to base 16
-c14591
What is -1416a07 (base 11) in base 3?
-11120221111220
What is -14613405 (base 7) in base 8?
-5253524
What is 11101001100110111 (base 2) in base 9?
202056
-49a37 (base 14) to base 5
-21232434
202024440 (base 5) to base 11
506937
-101001000001101101110010 (base 2) to base 13
-22c7384
Convert 85642 (base 10) to base 15.
1a597
Convert -1705a7 (base 14) to base 7.
-6603200
What is -126665 (base 7) in base 12?
-11a88
Convert -16107 (base 10) to base 11.
-11113
What is 1055435 (base 6) in base 5?
3220013
What is -170a3 (base 13) in base 12?
-21609
Convert 1212452131 (base 6) to base 11.
78a9436
Convert -11332330322 (base 4) to base 13.
-42bc63
-12040422 (base 5) to base 6
-2222243
6bf (base 16) to base 9
2328
857735 (base 9) to base 4
1330232303
-2025375 (base 9) to base 6
-35051452
-10112020211200 (base 3) to base 4
-13021232313
What is 579443 (base 10) in base 4?
2031131303
Convert 33220 (base 16) to base 8.
631040
What is 6931110 (base 10) in base 15?
91d9e0
What is -23101103 (base 4) in base 5?
-2434123
What is 2101002112002 (base 3) in base 2?
100110011111111101110
What is 244351320 (base 6) in base 16?
47a6c0
What is 11014505 (base 7) in base 12?
396bbb
Convert -31223202212 (base 4) to base 13.
-987428
981a0 (base 15) to base 3
220112112220
ddb2 (base 14) to base 5
2212001
Convert 13333022 (base 5) to base 13.
4a267
Convert -69941 (base 11) to base 2.
-11000101001011111
Convert -3d8 (base 16) to base 7.
-2604
What is -20c9347 (base 13) in base 9?
-20756274
453406 (base 9) to base 11
175aa5
-211311120 (base 4) to base 3
-21212120120
2b5080 (base 13) to base 8
4045506
40b30 (base 14) to base 7
1216260
What is -652698 (base 14) in base 15?
-47a0d2
Convert 4173412 (base 8) to base 9.
2074113
Convert -1162022 (base 10) to base 9.
-2160885
Convert -1202a9 (base 11) to base 5.
-22100234
-10110111111100100 (base 2) to base 9
-153164
Convert 2201322230 (base 4) to base 13.
1a2b44
What is 33460a (base 13) in base 8?
4472036
207154 (base 8) to base 3
10111222000
Convert d9bbe1 (base 15) to base 2.
100111100011000101001111
What is -16d6ba (base 16) in base 9?
-2731148
What is 1384716 (base 12) in base 11?
2228958
3322202311 (base 4) to base 5
230314404
What is 261036 (base 8) in base 12?
44566
What is 1100440340 (base 5) in base 2?
1000111111111000111101
What is 5404522 (base 7) in base 12?
27832a
Convert 22752227 (base 8) to base 9.
10314033
What is 1030130033 (base 4) in base 5?
40004403
Convert -23aa0 (base 14) to base 7.
-512060
4034411 (base 5) to base 16
fdd5
Convert 200002101101 (base 3) to base 14.
93a6c
1453225 (base 10) to base 11
902914
Convert 2545300 (base 8) to base 4.
2230223000
What is 110111100111011001010 (base 2) in base 3?
10102120212200
Convert 422314212 (base 6) to base 3.
1112202